tors of 2158023?
3, 7, 102763
What are the prime factors of 8968815?
3, 5, 241, 827
What are the prime factors of 453792?
2, 3, 29, 163
What are the prime factors of 14137307?
71, 83, 2399
What are the prime factors of 202422?
2, 3, 11, 3067
List the prime factors of 154257.
3, 51419
What are the prime factors of 423919?
241, 1759
List the prime factors of 23898455.
5, 7, 661, 1033
What are the prime factors of 408189?
3, 103, 1321
What are the prime factors of 360883?
563, 641
What are the prime factors of 3421723?
37, 92479
List the prime factors of 3811662.
2, 3, 367, 577
List the prime factors of 26911870.
2, 5, 2691187
List the prime factors of 56610.
2, 3, 5, 17, 37
List the prime factors of 976807.
13, 29, 2591
What are the prime factors of 9979706?
2, 11, 31, 14633
What are the prime factors of 903671?
433, 2087
What are the prime factors of 917219?
917219
What are the prime factors of 219071?
219071
What are the prime factors of 472761?
3, 52529
List the prime factors of 10692723.
3, 23, 353, 439
List the prime factors of 866227.
331, 2617
What are the prime factors of 25774551?
3, 11, 86783
What are the prime factors of 2241036?
2, 3, 7, 8893
List the prime factors of 2082420.
2, 3, 5, 23, 503
What are the prime factors of 4073887?
4073887
List the prime factors of 28840.
2, 5, 7, 103
What are the prime factors of 387156?
2, 3, 7, 11, 419
What are the prime factors of 41032493?
431, 95203
What are the prime factors of 7853?
7853
List the prime factors of 6632954.
2, 283, 11719
What are the prime factors of 1766331?
3, 7, 23, 53
List the prime factors of 6017838.
2, 3, 1002973
List the prime factors of 605414.
2, 271, 1117
What are the prime factors of 8612377?
19, 23857
What are the prime factors of 851557?
7, 239, 509
List the prime factors of 369286.
2, 29, 6367
What are the prime factors of 1955136?
2, 3, 17, 599
What are the prime factors of 127752?
2, 3, 5323
What are the prime factors of 9364969?
233, 40193
List the prime factors of 296098.
2, 11, 43, 313
List the prime factors of 1089867.
3, 31, 11719
What are the prime factors of 21051608?
2, 107, 24593
List the prime factors of 955367.
7, 136481
List the prime factors of 439386.
2, 3, 67, 1093
List the prime factors of 1492589.
7, 83, 367
List the prime factors of 2236932.
2, 3, 62137
What are the prime factors of 18088343?
7, 13, 197, 1009
List the prime factors of 12880398.
2, 3, 2146733
List the prime factors of 217397.
217397
List the prime factors of 180661.
13, 1069
List the prime factors of 1075781.
7, 313, 491
List the prime factors of 116677.
11, 10607
What are the prime factors of 877438?
2, 17, 131, 197
What are the prime factors of 3342876?
2, 3, 37, 7529
What are the prime factors of 914813?
914813
What are the prime factors of 707167?
181, 3907
List the prime factors of 6034537.
6034537
List the prime factors of 145514.
2, 31, 2347
List the prime factors of 347116.
2, 7, 11, 23
What are the prime factors of 1169324?
2, 13, 113, 199
What are the prime factors of 4760110?
2, 5, 619, 769
What are the prime factors of 14850069?
3, 13, 503, 757
List the prime factors of 785351.
7, 151, 743
List the prime factors of 1860470.
2, 5, 23, 8089
List the prime factors of 102440.
2, 5, 13, 197
What are the prime factors of 387808?
2, 12119
List the prime factors of 311188.
2, 77797
What are the prime factors of 815244?
2, 3, 41, 1657
What are the prime factors of 776320?
2, 5, 1213
What are the prime factors of 167982?
2, 3, 27997
List the prime factors of 425187.
3, 7, 17, 397
List the prime factors of 2335149.
3, 127, 227
List the prime factors of 11430.
2, 3, 5, 127
List the prime factors of 218496.
2, 3, 569
What are the prime factors of 19529107?
13, 17, 97, 911
List the prime factors of 104531.
7, 109, 137
List the prime factors of 949521.
3, 316507
What are the prime factors of 7867570?
2, 5, 83, 9479
What are the prime factors of 29296402?
2, 223, 65687
List the prime factors of 14926.
2, 17, 439
What are the prime factors of 8191041?
3, 2730347
List the prime factors of 25838580.
2, 3, 5, 37, 103, 113
What are the prime factors of 537140?
2, 5, 107, 251
List the prime factors of 10025565.
3, 5, 11, 60761
What are the prime factors of 7767195?
3, 5, 251, 2063
What are the prime factors of 138257?
7, 19751
List the prime factors of 3018709.
3018709
List the prime factors of 441317.
223, 1979
What are the prime factors of 1209864?
2, 3, 50411
List the prime factors of 1143299.
1143299
What are the prime factors of 17546535?
3, 5, 389923
List the prime factors of 137103.
3, 23, 1987
What are the prime factors of 2492093?
2492093
List the prime factors of 1133607.
3, 179, 2111
List the prime factors of 727611.
3, 409, 593
What are the prime factors of 11130713?
11, 19, 2803
What are the prime factors of 343523?
47, 7309
What are the prime factors of 1172788?
2, 449, 653
What are the prime factors of 151772?
2, 19, 1997
List the prime factors of 144742.
2, 13, 19, 293
What are the prime factors of 7425945?
3, 5, 67, 821
What are the prime factors of 395384?
2, 11, 4493
What are the prime factors of 72108?
2, 3, 2003
What are the prime factors of 9388139?
41, 59, 3881
List the prime factors of 2786552.
2, 29, 12011
What are the prime factors of 1787973?
3, 11, 54181
What are the prime factors of 271040?
2, 5, 7, 11
What are the prime factors of 5146862?
2, 7, 29, 1811
List the prime factors of 220570.
2, 5, 7, 23, 137
List the prime factors of 13588339.
151, 89989
What are the prime factors of 68108?
2, 17027
What are the prime factors of 242189?
127, 1907
What are the prime factors of 3886306?
2, 997, 1949
What are the prime factors of 7326227?
311, 23557
List the prime factors of 691832.
2, 17, 5087
What are the prime factors of 866334?
2, 3, 7, 20627
What are the prime factors of 18338732?
2, 31, 71, 2083
What are the prime factors of 10419810?
2, 3, 5, 17, 20431
List the prime factors of 3158032.
2, 31, 6367
List the prime factors of 999465.
3, 5, 23, 2897
What are the prime factors of 6699514?
2, 19, 176303
List the prime factors of 103082.
2, 7, 37, 199
List the prime factors of 147335.
5, 79, 373
List the prime factors of 33449.
13, 31, 83
List the prime factors of 3906379.
17, 61, 3767
What are the prime factors of 2216077?
107, 139, 149
List the prime factors of 450575.
5, 67, 269
What are the prime factors of 10841591?
61, 223, 797
List the prime factors of 817211.
817211
List the prime factors of 1308872.
2, 19, 79, 109
What are the prime factors of 3666358?
2, 1833179
List the prime factors of 12572929.
79, 167, 953
List the prime factors of 298726.
2, 41, 3643
List the prime factors of 1958227.
487, 4021
What are the prime factors of 7844044?
2, 13, 150847
What are the prime factors of 854006?
2, 311, 1373
What are the prime factors of 413625?
3, 5, 1103
List the prime factors of 278676.
2, 3, 7741
List the prime factors of 6672348.
2, 3, 61781
What are the prime factors of 1681770?
2, 3, 5, 61, 919
List the prime factors of 3162050.
2, 5, 63241
What are the prime factors of 375405?
3, 5, 29, 863
List the prime factors of 6875334.
2, 3, 127321
List the prime factors of 8587353.
3, 547, 5233
What are the prime factors of 17418?
2, 3, 2903
What are the prime factors of 1410626?
2, 7, 17, 5927
What are the prime factors of 23449442?
2, 11724721
What are the prime factors of 145904?
2, 11, 829
List the prime factors of 15467375.
5, 7, 11, 1607
What are the prime factors of 4512179?
7, 644597
List the prime factors of 65048.
2, 47, 173
What are the prime factors of 3458341?
97, 101, 353
List the prime factors of 10052.
2, 7, 359
List the prime factors of 3099153.
3, 331, 3121
List the prime factors of 72932.
2, 18233
List the prime factors of 5983461.
3, 11, 19, 3181
What are the prime factors of 24435348?
2, 3, 7, 290897
What are the prime factors of 186827?
19, 9833
List the prime factors of 5656218.
2, 3, 29, 32507
List the prime factors of 309925.
5, 7, 11, 23
What are the prime factors of 624996?
2, 3, 643
List the prime factors of 26894.
2, 7, 17, 113
List the prime factors of 706060.
2, 5, 43, 821
What are the prime factors of 6745964?
2, 1686491
List the prime factors of 213594.
2, 3, 97, 367
List the prime factors of 9988776.
2, 3, 7, 19819
List the 